{"id":5633,"date":"2019-12-18T11:06:24","date_gmt":"2019-12-18T11:06:24","guid":{"rendered":"http:\/\/imas12.es\/en\/?post_type=tribe_events&#038;p=5633"},"modified":"2019-12-18T11:06:24","modified_gmt":"2019-12-18T11:06:24","slug":"seminario-centro-de-investigacion-ma-carmen-ortuno-costela","status":"publish","type":"tribe_events","link":"https:\/\/imas12.es\/en\/activity\/seminario-centro-de-investigacion-ma-carmen-ortuno-costela\/","title":{"rendered":"Seminario Centro de Investigaci\u00f3n \u2013 M\u00aa Carmen Ortu\u00f1o Costela"},"content":{"rendered":"<p><strong>\u201cGeneraci\u00f3n de c\u00e9lulas iPS como modelo de enfermedad de McArdle\u201d<\/strong><\/p>\n<p>M\u00aa Carmen Ortu\u00f1o Costela, Grupo de Investigaci\u00f3n traslacional con c\u00e9lulas iPS &#8211; Instituto de Investigaci\u00f3n Hospital 12 de Octubre (i +12).<\/p>\n","protected":false},"excerpt":{"rendered":"<p>\u201cGeneraci\u00f3n de c\u00e9lulas iPS como modelo de enfermedad de McArdle\u201d M\u00aa Carmen Ortu\u00f1o Costela, Grupo de Investigaci\u00f3n traslacional con c\u00e9lulas iPS &#8211; Instituto de Investigaci\u00f3n Hospital 12 de Octubre (i +12).<\/p>\n","protected":false},"author":8,"featured_media":0,"template":"","meta":{"_tribe_events_status":"","_tribe_events_status_reason":"","footnotes":""},"tags":[],"tribe_events_cat":[],"class_list":["post-5633","tribe_events","type-tribe_events","status-publish","hentry"],"_links":{"self":[{"href":"https:\/\/imas12.es\/en\/wp-json\/wp\/v2\/tribe_events\/5633","targetHints":{"allow":["GET"]}}],"collection":[{"href":"https:\/\/imas12.es\/en\/wp-json\/wp\/v2\/tribe_events"}],"about":[{"href":"https:\/\/imas12.es\/en\/wp-json\/wp\/v2\/types\/tribe_events"}],"author":[{"embeddable":true,"href":"https:\/\/imas12.es\/en\/wp-json\/wp\/v2\/users\/8"}],"version-history":[{"count":1,"href":"https:\/\/imas12.es\/en\/wp-json\/wp\/v2\/tribe_events\/5633\/revisions"}],"predecessor-version":[{"id":5634,"href":"https:\/\/imas12.es\/en\/wp-json\/wp\/v2\/tribe_events\/5633\/revisions\/5634"}],"wp:attachment":[{"href":"https:\/\/imas12.es\/en\/wp-json\/wp\/v2\/media?parent=5633"}],"wp:term":[{"taxonomy":"post_tag","embeddable":true,"href":"https:\/\/imas12.es\/en\/wp-json\/wp\/v2\/tags?post=5633"},{"taxonomy":"tribe_events_cat","embeddable":true,"href":"https:\/\/imas12.es\/en\/wp-json\/wp\/v2\/tribe_events_cat?post=5633"}],"curies":[{"name":"wp","href":"https:\/\/api.w.org\/{rel}","templated":true}]}}

Seminario Centro de Investigación – Mª Carmen Ortuño Costela

<p><strong>“Generación de células iPS como modelo de enfermedad de McArdle”</strong></p>
<p>Mª Carmen Ortuño Costela, Grupo de Investigación traslacional con células iPS &#8211; Instituto de Investigación Hospital 12 de Octubre (i +12).</p>

<p>“Generación de células iPS como modelo de enfermedad de McArdle” Mª Carmen Ortuño Costela, Grupo de Investigación traslacional con células iPS &#8211; Instituto de Investigación Hospital 12 de Octubre (i +12).</p>
