{"id":5635,"date":"2019-12-18T11:07:37","date_gmt":"2019-12-18T11:07:37","guid":{"rendered":"http:\/\/imas12.es\/en\/?post_type=tribe_events&#038;p=5635"},"modified":"2019-12-18T11:07:37","modified_gmt":"2019-12-18T11:07:37","slug":"seminario-centro-de-investigacion-patricia-almendro-vazquez","status":"publish","type":"tribe_events","link":"https:\/\/imas12.es\/en\/activity\/seminario-centro-de-investigacion-patricia-almendro-vazquez\/","title":{"rendered":"Seminario Centro de Investigaci\u00f3n \u2013 Patricia Almendro V\u00e1zquez"},"content":{"rendered":"<p><strong>\u201cSecuenciaci\u00f3n masiva del TCR para analizar la evoluci\u00f3n del repertorio T en pacientes\u00a0<\/strong><strong>trasplantados en relaci\u00f3n con eventos cl\u00ednicos\u201d<\/strong><\/p>\n<p>Patricia Almendro V\u00e1zquez, Grupo de Inmunodeficiencias e Inmunolog\u00eda del Trasplante &#8211; Instituto de Investigaci\u00f3n Hospital 12 de Octubre (i +12).<\/p>\n","protected":false},"excerpt":{"rendered":"<p>\u201cSecuenciaci\u00f3n masiva del TCR para analizar la evoluci\u00f3n del repertorio T en pacientes\u00a0trasplantados en relaci\u00f3n con eventos cl\u00ednicos\u201d Patricia Almendro V\u00e1zquez, Grupo de Inmunodeficiencias e Inmunolog\u00eda del Trasplante &#8211; Instituto de Investigaci\u00f3n Hospital 12 de Octubre (i +12).<\/p>\n","protected":false},"author":8,"featured_media":0,"template":"","meta":{"_tribe_events_status":"","_tribe_events_status_reason":"","footnotes":""},"tags":[],"tribe_events_cat":[],"class_list":["post-5635","tribe_events","type-tribe_events","status-publish","hentry"],"_links":{"self":[{"href":"https:\/\/imas12.es\/en\/wp-json\/wp\/v2\/tribe_events\/5635","targetHints":{"allow":["GET"]}}],"collection":[{"href":"https:\/\/imas12.es\/en\/wp-json\/wp\/v2\/tribe_events"}],"about":[{"href":"https:\/\/imas12.es\/en\/wp-json\/wp\/v2\/types\/tribe_events"}],"author":[{"embeddable":true,"href":"https:\/\/imas12.es\/en\/wp-json\/wp\/v2\/users\/8"}],"version-history":[{"count":1,"href":"https:\/\/imas12.es\/en\/wp-json\/wp\/v2\/tribe_events\/5635\/revisions"}],"predecessor-version":[{"id":5636,"href":"https:\/\/imas12.es\/en\/wp-json\/wp\/v2\/tribe_events\/5635\/revisions\/5636"}],"wp:attachment":[{"href":"https:\/\/imas12.es\/en\/wp-json\/wp\/v2\/media?parent=5635"}],"wp:term":[{"taxonomy":"post_tag","embeddable":true,"href":"https:\/\/imas12.es\/en\/wp-json\/wp\/v2\/tags?post=5635"},{"taxonomy":"tribe_events_cat","embeddable":true,"href":"https:\/\/imas12.es\/en\/wp-json\/wp\/v2\/tribe_events_cat?post=5635"}],"curies":[{"name":"wp","href":"https:\/\/api.w.org\/{rel}","templated":true}]}}

Seminario Centro de Investigación – Patricia Almendro Vázquez

<p><strong>“Secuenciación masiva del TCR para analizar la evolución del repertorio T en pacientes </strong><strong>trasplantados en relación con eventos clínicos”</strong></p>
<p>Patricia Almendro Vázquez, Grupo de Inmunodeficiencias e Inmunología del Trasplante &#8211; Instituto de Investigación Hospital 12 de Octubre (i +12).</p>

<p>“Secuenciación masiva del TCR para analizar la evolución del repertorio T en pacientes trasplantados en relación con eventos clínicos” Patricia Almendro Vázquez, Grupo de Inmunodeficiencias e Inmunología del Trasplante &#8211; Instituto de Investigación Hospital 12 de Octubre (i +12).</p>
